ert -3 (base 7) to base 16.
-3
What is 40 (base 7) in base 16?
1c
21 (base 4) to base 12
9
110 (base 2) to base 13
6
Convert -2000 (base 4) to base 3.
-11202
7d (base 14) to base 6
303
Convert -20 (base 8) to base 4.
-100
What is 5 (base 10) in base 16?
5
Convert -10 (base 12) to base 14.
-c
What is -1220 (base 3) in base 5?
-201
-3 (base 7) to base 6
-3
-4 (base 15) to base 11
-4
-19 (base 15) to base 16
-18
What is -12 (base 9) in base 7?
-14
13 (base 9) to base 11
11
-3 (base 9) to base 15
-3
Convert a (base 14) to base 10.
10
Convert 100 (base 4) to base 6.
24
4 (base 5) to base 11
4
What is -30 (base 4) in base 11?
-11
6 (base 9) to base 7
6
1000 (base 5) to base 2
1111101
What is 1 (base 10) in base 12?
1
Convert 8 (base 16) to base 7.
11
Convert -5 (base 11) to base 4.
-11
Convert -1 (base 10) to base 9.
-1
-1d (base 15) to base 10
-28
What is -4 (base 12) in base 15?
-4
a (base 11) to base 8
12
What is -1000 (base 2) in base 4?
-20
What is -13 (base 15) in base 11?
-17
What is -93 (base 14) in base 12?
-a9
2 (base 12) to base 14
2
What is 100 (base 5) in base 10?
25
Convert 0 (base 6) to base 8.
0
What is -4 (base 15) in base 2?
-100
Convert -b (base 14) to base 8.
-13
Convert -1 (base 11) to base 9.
-1
0 (base 10) to base 3
0
-6 (base 12) to base 8
-6
Convert -130 (base 4) to base 3.
-1001
Convert -7 (base 15) to base 12.
-7
What is 111 (base 9) in base 16?
5b
What is -53 (base 8) in base 12?
-37
4 (base 8) to base 15
4
12 (base 13) to base 4
33
What is -1 (base 3) in base 5?
-1
4 (base 14) to base 13
4
What is -2 (base 3) in base 9?
-2
What is -1 (base 12) in base 2?
-1
What is 2 (base 9) in base 14?
2
3 (base 11) to base 10
3
What is 84 (base 15) in base 2?
1111100
Convert 15 (base 10) to base 4.
33
1022 (base 3) to base 15
25
Convert 1 (base 11) to base 8.
1
What is -11 (base 2) in base 16?
-3
What is 3 (base 4) in base 12?
3
Convert 0 (base 14) to base 15.
0
1331 (base 5) to base 11
187
21 (base 12) to base 16
19
What is 0 (base 2) in base 9?
0
Convert -a3 (base 15) to base 9.
-180
Convert -32 (base 7) to base 4.
-113
What is -202 (base 7) in base 10?
-100
Convert -31 (base 5) to base 4.
-100
65 (base 9) to base 8
73
Convert -331 (base 7) to base 9.
-207
351 (base 6) to base 4
2023
What is 10110 (base 2) in base 15?
17
What is 23 (base 13) in base 7?
41
-b (base 16) to base 5
-21
What is -2 (base 5) in base 6?
-2
What is 47 (base 11) in base 16?
33
-11 (base 5) to base 12
-6
What is 90 (base 12) in base 8?
154
Convert -3 (base 16) to base 13.
-3
What is 24 (base 13) in base 7?
42
Convert -4 (base 6) to base 5.
-4
Convert 1 (base 8) to base 14.
1
What is -13 (base 6) in base 2?
-1001
Convert -11111 (base 2) to base 16.
-1f
What is 11 (base 4) in base 2?
101
-3 (base 6) to base 9
-3
What is -3 (base 14) in base 7?
-3
Convert -4 (base 5) to base 15.
-4
What is 4 (base 15) in base 16?
4
What is -12 (base 8) in base 4?
-22
What is 0 (base 5) in base 4?
0
What is 16 (base 13) in base 9?
21
What is 35 (base 9) in base 2?
100000
31 (base 16) to base 3
1211
What is 3 (base 15) in base 6?
3
-12 (base 15) to base 4
-101
Convert -3 (base 14) to base 13.
-3
What is 3 (base 7) in base 15?
3
Convert 7 (base 13) to base 7.
10
Convert -1 (base 4) to base 6.
-1
-1 (base 10) to base 9
-1
-10100000 (base 2) to base 5
-1120
-2 (base 10) to base 11
-2
Convert 0 (base 12) to base 15.
0
What is 2 (base 13) in base 8?
2
Convert 4 (base 15) to base 14.
4
Convert 0 (base 8) to base 12.
0
What is -6 (base 13) in base 7?
-6
Convert 2 (base 3) to base 12.
2
What is 4 (base 12) in base 8?
4
What is 111 (base 2) in base 13?
7
-cc (base 15) to base 5
-1232
Convert -131 (base 8) to base 7.
-155
13 (base 16) to base 4
103
What is -24 (base 5) in base 8?
-16
Convert 17 (base 16) to base 14.
19
-5 (base 13) to base 4
-11
What is -3200 (base 4) in base 12?
-168
-10 (base 3) to base 16
-3
Convert -3 (base 4) to base 16.
-3
Convert 1010010 (base 2) to base 15.
57
What is -36 (base 12) in base 10?
-42
2c (base 13) to base 14
2a
What is 323 (base 4) in base 9?
65
Convert -14 (base 11) to base 5.
-30
Convert -15d (base 16) to base 9.
-427
What is -1 (base 11) in base 2?
-1
What is 10 (base 2) in base 8?
2
Convert -13 (base 6) to base 7.
-12
22 (base 3) to base 7
11
-1 (base 4) to base 16
-1
What is 1 (base 2) in base 11?
1
What is -11 (base 2) in base 12?
-3
Convert -19 (base 12) to base 6.
-33
10020 (base 3) to base 5
322
-10011 (base 3) to base 13
-67
-103 (base 4) to base 15
-14
c (base 15) to base 6
20
Convert 144 (base 5) to base 7.
100
1 (base 15) to base 2
1
What is 10 (base 4) in base 5?
4
12 (base 4) to base 8
6
-79 (base 11) to base 4
-1112
Convert 7 (base 10) to base 4.
13
Convert 0 (base 5) to base 13.
0
What is 110 (base 2) in base 10?
6
Convert 3 (base 14) to base 16.
3
Convert 242 (base 6) to base 2.
1100010
What is a (base 15) in base 11?
a
Convert -5 (base 11) to base 6.
-5
3 (base 13) to base 2
11
What is -13 (base 5) in base 16?
-8
41 (base 5) to base 10
21
3a (base 15) to base 10
55
What is -6 (base 7) in base 15?
-6
Convert -16 (base 13) to base 7.
-25
Convert 221 (base 3) to base 4.
121
-42 (base 12) to base 14
-38
-22 (base 9) to base 14
-16
-91 (base 13) to base 2
-1110110
Convert 2 (base 9) to base 3.
2
What is 8c (base 14) in base 8?
174
What is 1 (base 5) in base 2?
1
Convert -1 (base 5) to base 12.
-1
What is -2 (base 4) in base 13?
-2
Convert 16 (base 7) to base 14.
d
What is 12 (base 10) in base 14?
c
3 (base 8) to base 2
11
Convert -15 (base 6) to base 3.
-102
-64 (base 7) to base 9
-51
211 (base 3) to base 4
112
What is 7 (base 10) in base 8?
7
What is -46 (base 8) in base 4?
-212
Convert 121 (base 4) to base 9.
27
Convert 3 (base 16) to base 13.
3
What is -1 (base 15) in base 10?
-1
Convert -3 (base 12) to base 6.
-3
Convert 2 (base 15) to base 11.
2
-11 (base 5) to base 16
-6
What is -30 (base 5) in base 4?
-33
Convert 0 (base 16) to base 14.
0
What is -5 (base 12) in base 13?
-5
What is -200 (base 5) in base 10?
-50
1302 (base 5) to base 7
406
Convert 3 (base 14) to base 6.
3
Convert -14 (base 5) to base 6.
-13
-29 (base 12) to base 3
-1020
100 (base 2) to base 4
10
100 (base 2) to base 9
4
Convert -5f (base 16) to base 12.
-7b
What is -345 (base 9) in base 6?
-1152
Convert -22 (base 3) to base 9.
-8
-3 (base 10) to base 6
-3
Convert 1000 (base 2) to base 8.
10
Convert 3 (base 13) to base 8.
3
Convert 0 (base 15) to base 4.
0
1b (base 15) to base 7
35
Convert -20 (base 15) to base 11.
-28
Convert -20 (base 15) to base 14.
-22
211 (base 5) to base 7
110
What is -213 (base 4) in base 15?
-29
441 (base 7) to base 16
e1
What is 2 (base 12) in base 6?
2
What is 16 (base 12) in base 2?
10010
-111 (base 11) to base 8
-205
23 (base 14) to base 7
43
Convert 9 (base 12) to base 3.
100
Convert 1030 (base 4) to base 8.
114
-10211 (base 3) to base 14
-75
6 (base 9) to base 16
6
What is -1 (base 12) in base 2?
-1
What is 121 (base 3) in base 2?
10000
What is -10 (base 2) in base 10?
-2
What is -91 (base 10) in base 14?
-67
Convert 8a (base 12) to base 9.
127
Convert 2 (base 14) to base 15.
2
What is 0 (base 12) in base 10?
0
What is -3 (base 6) in base 3?
-10
Convert -64 (base 9) to base 2.
-111010
-65 (base 8) to base 3
-1222
What is 4 (base 5) in base 9?
4
1 (base 13) to base 15
1
Convert 14 (base 10) to base 3.
112
28 (base 14) to base 3
1100
What is -3a (base 14) in base 11?
-48
What is 71 (base 14) in base 5?
344
-22 (base 3) to base 11
-8
What is 16 (base 12) in base 3?
200
Convert 10 (base 2) to base 11.
2
-64 (base 10) to base 13
-4c
-1 (base 12) to base 13
-1
Convert 225 (base 6) to base 13.
6b
1a3 (base 14) to base 11
289
What is 233 (base 4) in base 2?
101111
-9 (base 11) to base 7
-12
What is -20 (base 10) in base 6?
-32
Convert -2 (base 10) to base 13.
-2
Convert -27 (base 14) to base 2.
-100011
-3 (base 13) to base 4
-3
Convert -59 (base 12) to base 16.
-45
What is -10100111 (base 2) in base 3?
-20012
What is -20002 (base 3) in base 6?
-432
What is 45 (base 11) in base 14?
37
What is 22 (base 16) in base 3?
1021
Convert -12 (base 5) to base 4.
-13
What is -10 (base 2) in base 16?
-2
Convert -2 (base 8) to base 5.
-2
Convert 1 (base 15) to base 12.
1
21 (base 4) to base 8
11
Convert -21 (base 4) to base 14.
-9
What is 2 (base 7) in ba